p and 144?
16
Suppose 4*x - 1953 = -17*x. Suppose -q - 4*c + 5 + 38 = 0, 0 = 5*q + 2*c - 161. Calculate the highest common divisor of x and q.
31
Let y = 563 + -536. Suppose 2*d = -2*d + 148. Suppose w - 4*u = -2*u + 11, u + d = 4*w. What is the greatest common divisor of y and w?
9
Let o = 697 - 685. What is the greatest common divisor of o and 444?
12
Let c be -3 + (-7)/(21/(-321)). What is the greatest common factor of 156 and c?
52
Let g(v) = 63*v**2 + 17*v + 52. Let q be g(-3). What is the greatest common divisor of 213 and q?
71
Suppose 730 = 5*g + 3*w, 2*w = -5*g + 3*w + 750. Let u = -72 + g. Calculate the highest common divisor of u and 7.
7
Suppose 4*j + 400 = 12*j. Suppose -2*n - 4*o = -j, 0*n - 161 = -5*n - o. Calculate the greatest common divisor of n and 11.
11
Let k be (-72)/24 - (-2*1 + -73). What is the highest common divisor of k and 9?
9
Let q be ((-12)/10)/((-6)/45). Let c = q + 0. Let y be (-1 - 5)*(-15)/c. What is the highest common divisor of y and 110?
10
Let l be (-5)/(-2)*-2 + 9. Suppose -2*r + 99 = l*f + r, 69 = 2*f - 5*r. Calculate the greatest common factor of 189 and f.
27
Let b be 2/4*1*36. Let n be (-180)/(-22) + b/(-99). What is the greatest common divisor of n and 4?
4
Suppose -2*q - 4*q + 198 = 0. Suppose q*c - 124 = 29*c. What is the highest common factor of 155 and c?
31
Suppose 9*q = 5*q. Suppose -3*a - 7*v + 107 = -9*v, q = -3*a + 5*v + 119. What is the greatest common divisor of a and 198?
33
Suppose 384 = -4*m + 32. Let a = 118 - m. Suppose 3*t - 710 = -a. Calculate the greatest common divisor of t and 21.
21
Suppose -91 = -1371*c + 1370*c. Calculate the greatest common divisor of 63 and c.
7
Suppose -17*t - 528 = -2670. What is the highest common divisor of t and 54?
18
Suppose -12*y - 447 + 12771 = 0. What is the greatest common factor of y and 13?
13
Suppose 156*g - 1620 = 154*g. Calculate the greatest common factor of g and 10.
10
Let b = 11 - 34. Let q = 89 - b. Let n(l) = l**2 + 3*l - 2. Let o be n(-6). What is the highest common divisor of q and o?
16
Let j be -11*(-5)/5*1. Let m(w) = w**2 - 3*w - 7. Let q be m(6). What is the highest common factor of q and j?
11
Let j(m) = m**3 + 5*m**2 + 6*m + 6. Let p be j(-3). Suppose c - g - 1 - p = 0, -36 = -4*c + 2*g. Calculate the greatest common divisor of 77 and c.
11
Suppose -8*i - 12 = -4*i, 4*l + 4*i = 56. What is the greatest common divisor of l and 204?
17
Let v(q) = q**3 + 4*q**2 - 3*q - 4. Let u be v(-4). Let r be (3/4 + -1)/(2/(-152)). Let d = u + r. What is the highest common divisor of 3 and d?
3
Let r = 32 + -29. Suppose 0 = c + r*i - 3 - 1, 0 = -c - 2*i + 8. Calculate the highest common divisor of c and 112.
16
Suppose 1966*t = 1954*t + 7956. Calculate the greatest common divisor of 102 and t.
51
Suppose 4 + 0 = 2*n. Suppose -n*b + 5*b - 66 = 0. Let a = 62 - b. What is the greatest common factor of a and 60?
20
Suppose 5*t + 6*t - 11 = 0. Let d be 11 + -2 - (t + -2). What is the highest common divisor of 5 and d?
5
Let t = -49 - -223. Calculate the greatest common factor of t and 6.
6
Let k(i) = -i**3 + 12*i**2 - 11*i - 74. Let o be k(9). Calculate the highest common factor of 28 and o.
14
Let l(o) = 541*o + 1100. Let h be l(-2). Let v = 6 + -1. Let y(q) = -q**3 + 7*q**2 + q - 1. Let s be y(v). Calculate the greatest common divisor of s and h.
18
Let l be ((-4)/(-18))/(-6 + 280/45). Calculate the highest common divisor of 53 and l.
1
Let b be -3 - (10 - -1 - 20). What is the greatest common divisor of b and 22?
2
Let t = 70 + -42. Let u(v) = v**3 + 9*v**2 + 14*v + 4. Suppose 0 = 5*q - 1 - 4, -2*r - 3*q = 9. Let c be u(r). Calculate the highest common factor of t and c.
28
Suppose 3*i - 35 - 79 = 0. Let q = -19 + i. Let p = -20 - -39. Calculate the highest common factor of q and p.
19
Suppose 0 = 7*a - 15*a - 40. Let u be (2 - -107 - 2) + 3 + a. Calculate the greatest common factor of 15 and u.
15
Let l = -127 - -229. Let g = l - 72. Calculate the greatest common factor of 15 and g.
15
Suppose -4*w + 0*w = 4*h + 12, -5*w = -2*h + 22. Suppose -5*y = n - 19, 4*y + 3*n = 3*y + h. What is the highest common divisor of 16 and y?
4
Suppose 15*g - 5*g = 1780. Let t = g - 174. Suppose -7*u = -3*u - 176. What is the greatest common divisor of t and u?
4
Let t be 1332/90 + 10 + (-4)/5. What is the greatest common divisor of 1048 and t?
8
Let v be (1 - (0 + 2)) + 111. Let y = -106 - -109. Suppose 0 = 3*q - y*k - 42, 6*k - 30 = -5*q + k. What is the greatest common factor of v and q?
10
Suppose 100*m - 104*m = -4*w - 160, 5*w = 0. Suppose -5*g + 242 = 92. Calculate the highest common divisor of m and g.
10
Suppose 3*o = -o + 3*v - 231, 115 = -2*o + v. Let g = 74 + o. What is the greatest common factor of 187 and g?
17
Let a(n) = 6*n - 123. Let w be a(24). What is the greatest common factor of w and 21?
21
Let n(q) = 3*q**2 - 1. Let o be n(-4). Let i = o - -1. Let f = 15 + -9. Calculate the greatest common divisor of f and i.
6
Let s be (1 - -31) + -6 + 8. Suppose -s - 26 = -5*u. Calculate the highest common divisor of u and 12.
12
Suppose -3*k + 29 = -10. What is the highest common divisor of 533 and k?
13
Let z be 4/(260/(-117))*5/(-3). Suppose 3*n + 2*n - 10 = 0. Calculate the highest common divisor of n and z.
1
Suppose 2*p - 3*p - 3*i = -164, 548 = 3*p - 5*i. Calculate the greatest common factor of p and 16.
16
Let o(p) = -p**3 + 17*p**2 - 57*p + 309. Let a be o(14). Suppose 11 = v - 22. Calculate the highest common factor of a and v.
33
Let v be (-615)/(-27) + 14/63. Let c be 46*(-3)/(-6)*1. Calculate the highest common divisor of c and v.
23
Let i be (-70)/7 + 146 - (2 - -4). What is the highest common divisor of i and 624?
26
Let f(b) = -b**2 + 5*b + 7. Let o be f(5). Let k be ((-88)/77)/((-2)/o). Suppose k*l - 80 = -0. Calculate the greatest common factor of l and 8.
4
Suppose -o + 75 = 7. What is the greatest common divisor of o and 51?
17
Let x(t) = 2*t - 4. Let m be x(4). Let r = -1 + m. Suppose -6*y + r*y + 486 = 0. What is the greatest common divisor of 18 and y?
18
Suppose -6*h - 7 = -91. Let s(p) = p + 5. Let u be s(6). Let z be 14/(-3)*(u + -14). Calculate the greatest common factor of z and h.
14
Let t(b) = b**2 - 13*b - 3. Let k(s) = -4*s**2 + 40*s + 8. Let m(v) = -5*k(v) - 16*t(v). Let y be m(-1). Calculate the greatest common factor of y and 6.
2
Let y(r) = 17*r - 96. Let m be y(13). Calculate the highest common factor of m and 10.
5
Suppose 0 = 4*k - 13 - 11. Let g be k/(-3)*(3 - 4). Suppose 3*m + 17 = g*t, -2*t - 4*m + 17 = t. Calculate the greatest common divisor of 28 and t.
7
Let k be 7/((-28)/48)*-1. Suppose 8*y = k*y - 36. Calculate the highest common factor of 3 and y.
3
Suppose c + 5*l - 8 = 0, 0 = c - 2*l - 2 + 1. Suppose -49 = c*k - 4*k. Let i = -35 + k. Calculate the greatest common factor of 14 and i.
14
Let v(h) = 37*h + 3. Let w be v(1). Suppose 3*p = -2*m + w, -m = 2*m + 12. Calculate the greatest common divisor of 48 and p.
16
Let w(z) = -11*z - 11. Let l be w(-9). Suppose -2*x - 2*n - 6 = -l, 5*x - 170 = 2*n. Calculate the highest common factor of 4 and x.
4
Suppose 2*y - t - 2*t - 13 = 0, -5*t + 4 = -y. Suppose -5*x + 2*d = 48, -3*d + 36 = -2*x - x. Let w = 3 - x. Calculate the greatest common divisor of w and y.
11
Let h be (3 + -1)*(0 - -13). Suppose -5073 = -74*i - 263. What is the highest common factor of h and i?
13
Let w be -3 + (-26)/(-8) - 537/(-12). Let j = -13 + 20. Suppose j*t - 2*t = 45. Calculate the highest common divisor of w and t.
9
Suppose 49*o - 17501 = 22189. Calculate the greatest common factor of 10 and o.
10
Let r be (-1 + 2)/(2/22). Let s = 2 + 11. Let o = s - r. What is the greatest common divisor of 10 and o?
2
Let b = 31 - 19. Let c = -15 - 1. Let t be (c + -2)*-2*1/3. Calculate the greatest common divisor of b and t.
12
Let j = 12 - -52. Let p be (7 - 0)*3 - 35/7. Calculate the greatest common divisor of j and p.
16
Suppose -5*m - 2*r + 28 = 0, -m + 0*m + 3 = 3*r. Let w = 14 - -3. Let h = w - -7. What is the greatest common divisor of m and h?
6
Suppose 23*s + 2 = 24*s. Calculate the highest common divisor of 16 and s.
2
Suppose 6100 = 93*o - 73*o. What is the greatest common divisor of o and 122?
61
Let o(r) = 2*r**3 - r**2 - 9*r - 32. Let w be o(5). Calculate the highest common fact